 digit of b?
9
Let s(b) = -3*b + 34. Let m be s(12). Let v be ((-5)/(-2))/(-5) + (-9)/m. Suppose 18*f - 734 = v. What is the tens digit of f?
4
Let o(p) = p**3 - 12*p**2 + 36*p + 8. Let b be o(6). Suppose -5*j = u - 69, -2*u - 7*j + 127 = -b*j. What is the tens digit of u?
6
Let j = -42 + 47. Suppose 4*b - 3*y - j = 0, -4*y + 45 = 4*b + y. Suppose b*z + 4*p - 582 = -0*z, p = -4*z + 459. What is the tens digit of z?
1
Let m = 203 + -521. Suppose -2*y + 7*y = 2280. Let u = m + y. What is the units digit of u?
8
Let o(t) = 16*t**3 - 30*t**2 + 49*t - 518. What is the units digit of o(14)?
2
What is the units digit of 4/((-8)/(-51))*46050/225?
9
Let l(g) be the first derivative of -73*g**4/4 - 2*g**3/3 + g**2/2 + 3*g + 2803. Suppose 5*i + 4 = -1. What is the tens digit of l(i)?
7
Suppose -64 = 5*x - 3*m, -m = -3*x + 4*m - 32. What is the hundreds digit of (x + 3)/(1 + 28/(-26))?
1
Let p = -63 + 44. Let m = 39 + p. Suppose -4*r + m = 4. What is the units digit of r?
4
Let a(r) = -9*r**3 + 3*r**2 + 4*r - 5. Let u be a(1). Let n(s) = -2*s**3 - 8*s**2 - 6*s - 1. What is the units digit of n(u)?
5
Let o(p) = p**3 + 17*p**2 + 14*p + 9. Let r be o(-16). Suppose -r*g + 3766 = -34*g. What is the hundreds digit of g?
5
Let j(t) = 29*t**2 + 538*t - 25. What is the ten thousands digit of j(27)?
3
What is the hundreds digit of (-3 + 6094/4)/(91/182)?
0
Let w = 2015 + -971. Let g be 26 + w + (-4 - 1). Suppose 4*z + z - 5*o = g, -2*o = -10. What is the tens digit of z?
1
Let b(a) be the first derivative of -39*a**2/2 + 154*a - 252. What is the units digit of b(-37)?
7
Let j(s) = s**2 + 36*s + 33673. What is the ten thousands digit of j(0)?
3
Suppose 0 = -19*g + 699 - 186. Suppose -5*s = -g*s + 32032. What is the tens digit of s?
5
Suppose -899*o = 5*w - 894*o - 78850, 0 = -2*w - 5*o + 31546. What is the tens digit of w?
6
Suppose 0 = -4*o + 3*x + 319, 4*o + x + 105 - 420 = 0. Let v = 264 - o. What is the units digit of v?
5
Let d(x) = -x**2 + 4*x. Let v be d(2). Suppose 3*u + 156 = -2*u - 2*c, 102 = -3*u - v*c. What is the units digit of (56/10)/(-4*3/u)?
4
Let f = 214 + -212. Suppose -2*i + 1844 = -f*a, -1 = 4*a - 9. What is the tens digit of i?
2
Let s(a) = a**2 + 13*a + 36. Let g be s(-8). Let c be 198/(-44)*g*1. Let r(f) = -f**3 + 19*f**2 - 14*f + 4. What is the tens digit of r(c)?
7
Let u be 3*(-3 + 2 + 0). Let b be 2 + -6 + 1 - u. What is the units digit of 9*(b/(-4) - -5)?
5
Let s be (0 - 1 - (-5 + -19))*1. Suppose -4*y - 2*j + 45 = 3*j, 3*j + 5 = 4*y. Let o = s + y. What is the tens digit of o?
2
Let g = -3 - 3. Let b be 6/(g/(-2))*(0 - -2). Suppose -5*v + b*v + 106 = 0. What is the hundreds digit of v?
1
Let i = -59571 - -94373. What is the units digit of i?
2
Let c(f) be the third derivative of -7*f**4/6 - 5*f**3/3 + 2*f**2. Suppose -4*s - 6 + 2 = 4*a, 0 = a - 5*s + 25. What is the tens digit of c(a)?
3
Suppose 4*u - 72507 = 2*f + 47833, 2 = -f. What is the tens digit of u?
8
Suppose 3*q - 2*q = 157. Suppose 9*l = 725 + q. What is the tens digit of l?
9
Let x = -26564 - -79378. What is the hundreds digit of x?
8
Let x(w) = 5*w**2 + 5*w + 9. Let f be x(6). Suppose 343 = 2*n - f. Suppose 5*m + 3*y + 21 = n, -5 = y. What is the tens digit of m?
5
Let w(n) = -45*n**3 - 5*n**2 + 3*n - 3. Let t(g) = -226*g**3 - 26*g**2 + 16*g - 16. Let s(f) = -3*t(f) + 16*w(f). What is the tens digit of s(-2)?
2
Let b(j) = 4*j**2 + 3*j - 73. Let c be (-1)/(-2)*(-31)/(217/252). What is the thousands digit of b(c)?
1
Suppose 774 = 3*h + 5*s, 2*h + 111 = -4*s + 629. Let d = -82 + h. What is the hundreds digit of d?
1
What is the hundreds digit of 2383 + (-4 - (-40)/5 - -4)?
3
Let a = 38 - 50. Let p = 22 - a. What is the units digit of p?
4
Let s = 58 - 42. Suppose -13*p - 681 = -s*p. What is the hundreds digit of p?
2
Suppose -9*b = -6*b - 18. Let u(d) = d**3 - 5*d**2 - 4. What is the units digit of u(b)?
2
Let p(t) = -9*t + 3. Let s be p(-6). Suppose 3*n = -z + 18 + 19, -3*n = 6. Let m = s - z. What is the tens digit of m?
1
Let o be (-5)/(15/169) + (-4)/6. Let g = o - -1205. What is the hundreds digit of g?
1
Suppose 12*q + 2*q - 296720 = 9096. What is the thousands digit of q?
1
Let z(w) = w**3 - 5*w**2 + 6*w. Let b be z(3). Let i = 386 - b. What is the hundreds digit of i?
3
Let s = -256 - -272. Let x = s + 336. What is the units digit of x?
2
Let l be (6/(-4) + 5 + -4)*2. What is the units digit of 6 + l - (4 - 263)?
4
What is the units digit of 3425 + 0/2 - (-9)/((-63)/(-28))?
9
Let t = 16981 - 6436. What is the tens digit of t?
4
Let x = 267 - 463. What is the tens digit of x/343 + 2671/7?
8
Let j(d) = -6 + 49*d**2 + 2*d + 9*d**2 + 2*d. Suppose 0 = -12*b + 41*b - 38 - 20. What is the tens digit of j(b)?
3
Let d = -482 + 866. Suppose -19*n = -7*n - d. What is the tens digit of n - -1*(-3)/(-1)?
3
Let s = -295 - -303. Suppose 3*p + 2708 = 4*w, -3*w + s*w - 3408 = -2*p. What is the units digit of w?
0
Let w = -236 - -236. Let f(c) = 17*c + 195. What is the tens digit of f(w)?
9
Let j(h) = -10*h + 76. Let l be j(7). Let n(s) = 48*s**2 - 101*s + 16. What is the hundreds digit of n(l)?
1
Let o = -11681 - -11690. Suppose -5*u - 188 = -978. Suppose u = o*i - 7*i. What is the tens digit of i?
7
Suppose -2*x = 10, -x + 23590 = 2*l + 7005. What is the hundreds digit of l?
2
Suppose 39*s = 18*s + 629034. What is the ten thousands digit of s?
2
Let h(m) = -7*m - 5. Let s be h(6). Let r(a) = a**3 + 12*a**2 - 6*a + 6. Let z be r(-12). Let k = z + s. What is the units digit of k?
1
Suppose 5*i = -3*r + 24015, -i = -r + 3367 - 8170. What is the units digit of i?
3
What is the units digit of (212/(-6))/(-13 - (-43747)/3366)?
2
Let z(u) = 6*u - 15. Let r be z(4). Suppose -r*g = -6*g - 2808. What is the units digit of g?
6
Let z = -7 + 22. Let q(c) = 6*c. Let j be q(z). Suppose 5*l + j = 650. What is the tens digit of l?
1
Let i(p) = -1011*p**3 - p + 1012*p**3 + p + 3. Let t be i(0). What is the units digit of (t/(-6)*1 + 3)*26?
5
Let y(i) = -i + 103. Let z be y(59). Let p = z - -973. What is the units digit of p?
7
Let a(x) = -x**3 + 43*x - 82. What is the units digit of a(-24)?
0
Let s be 45/(-6)*12/(-18) - 3. Suppose 0 = -c - 7*w + 3*w + 1005, w = s*c - 2010. What is the tens digit of c?
0
Let g(u) = -29*u + 197. Let l = -482 - -446. What is the thousands digit of g(l)?
1
Suppose -4429 = -h + 7*y - 4*y, 2*h + 3*y - 8822 = 0. What is the thousands digit of h?
4
What is the hundreds digit of (-6)/(-111) + (-26472264)/(-962)?
5
Let x(q) = 3*q + 29. Let u be x(-12). What is the units digit of 121/(-22)*(u + -5)?
6
Let q(k) = 690*k**3 - 2*k**2 - k + 2. Let y be (-4)/16*2*-2. What is the tens digit of q(y)?
8
Let o(u) = -3*u**2 + 6*u + 3. Let a be 8 - (-3 + 3)/4. Let p be o(a). Let c = -15 - p. What is the units digit of c?
6
Let a(l) = -9*l**3 + 12*l**2 - 322*l - 145. What is the hundreds digit of a(-16)?
9
Suppose -5*v - 20 = 0, -3*v = 3*f - 7*v - 13. Let a be 6/9*9/6. What is the units digit of 127 - (f - (-5 + 3/a))?
6
Let r(z) = 34*z**2 + 6*z - 5. Let m(h) = -6*h**2 - h + 2. Let d(i) = -6*m(i) - r(i). Let c = -6 + 10. What is the tens digit of d(c)?
2
Let b = -6 + 22. Let f(a) = -a + 19. Let c be f(b). Suppose -5*p = -w + 146, 3*p - 410 = -c*w + 4*p. What is the tens digit of w?
3
Let m(g) = g**2 - 3*g + 6. Let w be m(2). Suppose w*k - 23 = -11. What is the tens digit of k - 10/(60/(-378))?
6
Suppose 0 = 4*u - 3*f + 1745, -5*f = -0*f - 15. What is the thousands digit of 7 + (-45)/10*u?
1
Let y(b) = -19. Let k(q) be the second derivative of q**3/6 - 39*q**2/2 + 10*q. Let a(l) = -3*k(l) + 5*y(l). What is the units digit of a(5)?
7
Let g be (-4590)/(-16) - 14/(-112). Suppose -g*l + 128 = -285*l. What is the tens digit of l?
6
Let p = 1553 + 15541. What is the ten thousands digit of p?
1
Suppose 17*h + 124 = 22. Let y(c) = -3*c**3 - 11*c**2 - 20*c + 3. What is the hundreds digit of y(h)?
3
Suppose 98*a - 93*a = -r + 38853, 5*a + 77661 = 2*r. What is the thousands digit of r?
8
Suppose 5*k - 70 = -15. Suppose -3*h = -1 - k. Let d(y) = -y**3 + 4*y**2 + 2*y - 7. What is the units digit of d(h)?
1
Let y(u) = u**3 + 8*u**2 - 31*u + 21. What is the tens digit of y(17)?
1
Let t(r) = r**3 + 10*r + 2793. What is the thousands digit of t(0)?
2
Let p = -1153 - -5778. What is the hundreds digit of p?